3 - 16*o**2 + 15*o - 19. Suppose -74 + 14 = -4*i. Let y be v(i). Let r = 74 + y. List the prime factors of r.
5, 11
Let t = 1452 - 833. List the prime factors of t.
619
Let r = 10 - 5. Suppose 3*o + 9 = r*f, 0*f = -2*f + 3*o + 9. Suppose 10 = -f*p + 2*p. What are the prime factors of p?
5
Let k = 21 + -10. Let u(f) = -f**3 + 11*f**2 + 8*f - 8. List the prime factors of u(k).
2, 5
What are the prime factors of 29644/12 + 224/84?
2473
Suppose 0*k + 20 = 5*k. Let g(l) = -12 - 4 - 9*l + k - 2. List the prime factors of g(-6).
2, 5
Suppose -13*q + 4687 = -6805. What are the prime factors of q?
2, 13, 17
Let j(g) = g**3 - g + 4. Let l be j(0). Suppose l*v - 528 = -4*v. List the prime factors of v.
2, 3, 11
Let g be (1 - 1 - 1)*-4. Suppose -2*f + 4 = 3*z - 8, 0 = -4*f - g*z + 20. Suppose 3*i - 126 = -h - 2*h, f*h = 0. What are the prime factors of i?
2, 3, 7
Let v(s) = -11*s - 3. Let y be v(-4). Let i = 48 + -72. Let h = i + y. What are the prime factors of h?
17
Let y be (-12)/16*1 + (-38)/(-8). What are the prime factors of y/((-8)/(-106)) + 4?
3, 19
Let j(x) = 2*x + 4. Let z be j(-2). Suppose z = -3*f - 9, 4*t = -0*t + 4*f + 28. What are the prime factors of t?
2
Suppose 382 = -5*u + 4*m + 1279, 2*u - m = 360. What are the prime factors of u?
181
Let m(r) = -102*r + 326. What are the prime factors of m(-5)?
2, 11, 19
Let v be -156*(-3 - -2) + -4. Let c = v - 90. List the prime factors of c.
2, 31
Let s = 431 - -195. What are the prime factors of s?
2, 313
What are the prime factors of 2*1/15 + (-57206)/(-30)?
1907
Let c(t) = 182*t**3 + 3*t**2 - 5*t + 5. List the prime factors of c(2).
7, 11, 19
Let v(t) = -7*t**2 - 15*t + 43. Let h(i) = -2*i**2 - 5*i + 14. Let n(g) = 11*h(g) - 4*v(g). What are the prime factors of n(4)?
2, 7
Suppose 14*v - 11517 = -667. What are the prime factors of v?
5, 31
Let j = 10 + 85. List the prime factors of j.
5, 19
Let y = 1434 + -1263. List the prime factors of y.
3, 19
Suppose -13837 = -7*k - 4891. What are the prime factors of k?
2, 3, 71
List the prime factors of (-54)/(-63) - (-5244)/7.
2, 3, 5
Let j = 90 + -87. List the prime factors of j.
3
Let b = 4 - 7. Let x(t) = t**2 - t - 2. Let w(j) = -3*j**2 - j + 6. Let z(y) = w(y) + 2*x(y). List the prime factors of z(b).
2
Let u be 590/15 + 3/(-9). Let x = -29 + u. List the prime factors of x.
2, 5
Let b(l) = -5*l**3 + 9*l**2 + 2*l + 5. Let m(h) = -h**3 - h. Let n(u) = b(u) - 6*m(u). Let d be n(-7). Let f = -22 + d. List the prime factors of f.
5
Let a(v) = -v + 0 - 1 + 11*v**2 + 1. List the prime factors of a(-1).
2, 3
Suppose -1 = v, 3*p - 1609 = -v + 5*v. What are the prime factors of p?
5, 107
Let x = -17 - -28. Let j(v) = -v**2 + 12*v - 8. Let l be j(x). Suppose q - l = 11. What are the prime factors of q?
2, 7
What are the prime factors of (-6)/((-12)/1774)*3/3?
887
Let r(t) = -t + 7. Let d be r(3). Suppose s + 75 = d*s + 2*h, 75 = 3*s - 3*h. Suppose -5*y - s = 0, x - y = -0*y + 67. What are the prime factors of x?
2, 31
Suppose 0 = f - 4*f + 9. Suppose -4*j - 53 + 433 = 0. Suppose -f*t = -h - 0*t + 29, 4*h - j = 5*t. What are the prime factors of h?
2, 5
Suppose -532 = -10*c + 2498. What are the prime factors of c?
3, 101
Let f = 53 + -51. Suppose -2*w + 3*w = 2*u - 101, -2*u + f*w = -100. List the prime factors of u.
3, 17
Let z(w) = 6*w**2 - w + 3. Let i be z(-6). Suppose -y + i = 2*y. What are the prime factors of y?
3, 5
Let l be 4/(-14) - 1408/(-28). Let o be 5*(-5)/(l/24). What are the prime factors of (9/o)/(3/(-12))?
3
Suppose 0 = 5*j - 3*n - 1715, -61*j = -63*j + 3*n + 677. What are the prime factors of j?
2, 173
Suppose 4*g - 4067 = 9*h - 4*h, 0 = -5*g + 4*h + 5086. List the prime factors of g.
2, 509
Suppose -2*a = 1179 - 6507. What are the prime factors of a?
2, 3, 37
What are the prime factors of 40/36 + 1353098/306?
4423
Let a(v) = 11*v**2 + 17*v + 33. What are the prime factors of a(-3)?
3
Suppose -65*m + 62*m = 4*t - 1596, -5*t + 2000 = 5*m. List the prime factors of t.
2, 3, 11
Suppose 0*w = w. Suppose w = 2*n - 4*n + 310. Let r = -91 + n. What are the prime factors of r?
2
Let x = -342 - -1045. What are the prime factors of x?
19, 37
Let b(g) = 123*g + 2. List the prime factors of b(2).
2, 31
Let s(b) = b + 25. Let q be s(-14). Let f(r) = 4*r**3 + r**2 - r + 2. Let n be f(2). Let a = n + q. List the prime factors of a.
47
Let s(j) = -39*j + 2*j + 6 - 7 - 4. Let r be s(-4). Suppose 5*p + 5*q = 180, -4*p - 4*q = -q - r. List the prime factors of p.
5, 7
Let x(u) = -126*u - 160. List the prime factors of x(-7).
2, 19
Suppose 0 = 36*p - 38*p - 4*a + 3454, -p + 3*a = -1727. What are the prime factors of p?
11, 157
Let p = 142 + 408. Suppose 2*h + 114 = p. Suppose 4*o - 3*l = h, -2 = -2*l + 2. List the prime factors of o.
2, 7
Let g be (-15 + 0)/((-20)/8 + 1). Suppose 4*x + 68 = u, 0*x - 2*x + g = 0. List the prime factors of u.
2, 11
Let n be -3 + -1 + (-7)/(7/(-4)). Suppose -3*b - 7*b + 270 = n. List the prime factors of b.
3
Let m(d) = -11*d. Let g(z) = 11*z + 1. Let b(r) = -5*g(r) - 6*m(r). Let l = 1 + 2. What are the prime factors of b(l)?
2, 7
Suppose -11*v + 3*x + 973 = -10*v, -3*x = 3*v - 2895. List the prime factors of v.
967
Suppose -3*p - 25 = 11. What are the prime factors of (-6)/(-24) + (-1029)/p?
2, 43
Let q be ((-8)/6)/(2/(-1812)). Suppose q = 3*j - 2*j. What are the prime factors of j/72 - 2/(-9)?
17
What are the prime factors of 10/3*(-75240)/(-150)?
2, 11, 19
What are the prime factors of (3 - -9)*(-1991)/(-33)?
2, 181
Let f = -6 - -12. Let y(k) = -2*k + 10. Let l be y(f). What are the prime factors of (147/(-14))/(1/l)?
3, 7
Let h be (2 - 4)*1/(-2). Let j(d) = -10*d**2 - 2*d - h + 0*d + 12*d**2. What are the prime factors of j(-1)?
3
Let u(z) = z**3 - 19*z**2 + 17*z + 22. Let r be u(18). Suppose -r*f + 651 = -f. List the prime factors of f.
7, 31
Let j be 24/10*(-10)/(-4). Suppose -615 + 99 = -j*b. List the prime factors of b.
2, 43
Let u(g) = -g**3 + 10*g**2 - 11*g - 12. Let b be u(6). Let i = b - -34. List the prime factors of i.
2, 5
List the prime factors of -5 - 4*((-136)/2 + 0).
3, 89
Let l(v) = 2*v. Let u be l(-3). Let q(s) = s**2 - 5. Let y be q(u). Suppose 5*r = 4*i + 128, 0 = -r + 3*i - 1 + y. List the prime factors of r.
2, 3
Let i(z) = 84*z + 191. What are the prime factors of i(16)?
5, 307
Let t(b) = -b**3 - 15*b**2 - 7*b - 15. What are the prime factors of t(-16)?
353
Let t = 21 - 17. Suppose -b - 135 = -t*b. What are the prime factors of b?
3, 5
Suppose -84*n + 86*n - 864 = 0. What are the prime factors of n?
2, 3
Let r(m) = -2*m**3 - 9*m**2 + 53*m - 9. List the prime factors of r(-13).
3, 5, 29
Suppose 4*p + 412 + 24 = 0. Let c = p - -281. What are the prime factors of c?
2, 43
Let y(t) = t + 2. Let f be y(-3). Let q be f*(0 - -2 - 5). Suppose j - q = 23. List the prime factors of j.
2, 13
Suppose 4*r + 1840 = -r. Let k be (15/6 - 3)*r. Suppose -6*c + k = 46. List the prime factors of c.
23
What are the prime factors of 1257*(28/12)/7?
419
Let j(n) be the first derivative of -3*n**4/8 - n**3/6 - 4*n**2 - 3. Let y(x) be the second derivative of j(x). List the prime factors of y(-5).
2, 11
Suppose 0 = -3*l + 2*l - 54. Let y = l + 168. What are the prime factors of y?
2, 3, 19
Suppose -4 = 4*r - 0. Let f(w) be the first derivative of -3*w**2/2 - w + 6. List the prime factors of f(r).
2
Let t be (-3)/(-3*(1 - 3/6)). Suppose -k + 3*k - 132 = t*n, 274 = 4*k - 2*n. What are the prime factors of k?
71
Suppose 3*q + i + 200 = 599, -2*q + 266 = -4*i. Let m = 1316 + -1391. Let f = q + m. List the prime factors of f.
2, 29
Let v = 13 + 47. Suppose 43*w - 39*w - 3*u = 12, 0 = -2*w + u + 6. Suppose 5*t + w*n - 277 = 0, -v = -t + n + 3*n. What are the prime factors of t?
2, 7
Let o = -38 - -23. Let t be 4/(0 + (-6)/45). Let l = o - t. List the prime factors of l.
3, 5
Let v = -150 - -155. Suppose v*a = 7*t - 3*t - 431, 4*t - 434 = 2*a. List the prime factors of t.
109
Suppose -4*f - 975 = b - 7225, -4*f = -4*b + 25040. What are the prime factors of b?
2, 3, 7, 149
Suppose 2098 = 3*p + 2*b, p - 3502 = -4*p + 2*b. List the prime factors of p.
2, 5, 7
Let c(l) = -283*l - 50. What are the prime factors of c(-13)?
19, 191
Suppose -2*v = 2*v + 12. Let r(n) = -n**2 - 2*n + 3. Let d be r(v). What are the prime factors of 5 + -2 + d +